in base 13?
-1
Convert -12 (base 5) to base 7.
-10
What is 4 (base 10) in base 12?
4
Convert -31 (base 6) to base 10.
-19
100 (base 2) to base 15
4
Convert 212 (base 7) to base 2.
1101011
Convert 4b (base 14) to base 3.
2111
Convert -212 (base 3) to base 8.
-27
Convert 47 (base 10) to base 6.
115
What is -1 (base 8) in base 14?
-1
5 (base 12) to base 5
10
Convert -7 (base 13) to base 7.
-10
What is 2 (base 3) in base 11?
2
What is -120 (base 3) in base 6?
-23
What is 40 (base 5) in base 10?
20
What is 46 (base 12) in base 8?
66
Convert -1000 (base 3) to base 16.
-1b
3 (base 14) to base 5
3
20 (base 5) to base 6
14
3 (base 15) to base 4
3
10 (base 7) to base 14
7
Convert 33 (base 8) to base 15.
1c
310 (base 7) to base 12
10a
What is -504 (base 6) in base 3?
-20211
-3 (base 13) to base 16
-3
What is 35 (base 13) in base 4?
230
Convert 3 (base 12) to base 2.
11
-241 (base 7) to base 5
-1002
Convert -3 (base 13) to base 14.
-3
33 (base 11) to base 12
30
Convert 26 (base 11) to base 9.
31
What is -a (base 11) in base 14?
-a
What is -15 (base 8) in base 12?
-11
-4 (base 15) to base 5
-4
What is 5 (base 8) in base 2?
101
What is 11 (base 4) in base 15?
5
Convert -5 (base 15) to base 10.
-5
Convert -7 (base 14) to base 12.
-7
Convert -15d (base 16) to base 10.
-349
Convert 1 (base 3) to base 8.
1
What is 12 (base 3) in base 5?
10
Convert -3 (base 16) to base 10.
-3
Convert 0 (base 8) to base 2.
0
What is d (base 14) in base 15?
d
What is 13 (base 4) in base 3?
21
What is -335 (base 7) in base 3?
-20102
-1 (base 14) to base 15
-1
2 (base 15) to base 11
2
What is 5 (base 7) in base 16?
5
44 (base 6) to base 10
28
6c (base 13) to base 4
1122
What is 0 (base 6) in base 2?
0
Convert 0 (base 14) to base 2.
0
What is 12 (base 3) in base 13?
5
Convert 7 (base 13) to base 9.
7
What is -6 (base 8) in base 9?
-6
What is -6 (base 12) in base 9?
-6
61 (base 11) to base 13
52
12b (base 12) to base 8
263
b (base 16) to base 9
12
Convert 10 (base 3) to base 5.
3
-10122 (base 3) to base 9
-118
What is -a (base 14) in base 4?
-22
4 (base 16) to base 3
11
-10 (base 4) to base 11
-4
What is -2b1 (base 12) in base 5?
-3141
71 (base 10) to base 6
155
Convert -6 (base 16) to base 11.
-6
111010 (base 2) to base 13
46
What is d8 (base 16) in base 6?
1000
Convert 11 (base 8) to base 5.
14
Convert -10 (base 5) to base 14.
-5
-5 (base 13) to base 12
-5
What is 12 (base 5) in base 15?
7
2a (base 13) to base 6
100
Convert -5 (base 9) to base 13.
-5
What is -13 (base 13) in base 14?
-12
What is 4 (base 16) in base 8?
4
Convert -4 (base 6) to base 7.
-4
What is -25 (base 8) in base 9?
-23
9 (base 10) to base 13
9
Convert -4 (base 14) to base 5.
-4
Convert -16 (base 14) to base 4.
-110
Convert 0 (base 2) to base 10.
0
What is -3 (base 15) in base 9?
-3
Convert 40 (base 16) to base 11.
59
Convert a (base 16) to base 14.
a
0 (base 11) to base 12
0
What is 27 (base 14) in base 12?
2b
9c (base 15) to base 6
403
-6 (base 7) to base 16
-6
Convert -29 (base 15) to base 5.
-124
Convert -193 (base 16) to base 13.
-250
-101101 (base 2) to base 8
-55
Convert -14 (base 9) to base 4.
-31
What is 100 (base 7) in base 15?
34
What is -31 (base 7) in base 6?
-34
0 (base 8) to base 13
0
9 (base 15) to base 5
14
Convert -6 (base 15) to base 6.
-10
Convert 231 (base 9) to base 14.
d8
What is 110111 (base 2) in base 14?
3d
What is -7 (base 13) in base 6?
-11
1011011 (base 2) to base 11
83
What is -67 (base 9) in base 6?
-141
What is -100 (base 5) in base 10?
-25
Convert 21 (base 11) to base 5.
43
3 (base 11) to base 3
10
Convert 3 (base 7) to base 5.
3
Convert 1 (base 2) to base 3.
1
Convert 0 (base 5) to base 14.
0
What is 60 (base 10) in base 3?
2020
Convert 5 (base 8) to base 14.
5
-1100011 (base 2) to base 4
-1203
What is -1240 (base 5) in base 15?
-d0
What is -45 (base 15) in base 13?
-50
Convert 22 (base 9) to base 6.
32
-11 (base 4) to base 13
-5
Convert 0 (base 13) to base 3.
0
Convert 48 (base 13) to base 2.
111100
What is 2011 (base 3) in base 14?
42
Convert 40 (base 7) to base 3.
1001
Convert 40 (base 8) to base 3.
1012
-230 (base 4) to base 12
-38
What is -31 (base 7) in base 10?
-22
What is -110 (base 12) in base 8?
-234
-2 (base 9) to base 6
-2
5 (base 9) to base 13
5
-1 (base 2) to base 13
-1
What is 42 (base 10) in base 14?
30
What is -121 (base 3) in base 13?
-13
Convert 304 (base 5) to base 7.
142
Convert -2 (base 10) to base 14.
-2
What is -100 (base 2) in base 13?
-4
What is 5 (base 10) in base 3?
12
-4 (base 7) to base 15
-4
3 (base 12) to base 6
3
What is 112 (base 3) in base 2?
1110
12321 (base 4) to base 5
3231
-45 (base 16) to base 8
-105
Convert 3 (base 12) to base 10.
3
-121 (base 9) to base 10
-100
21 (base 10) to base 4
111
Convert -12 (base 10) to base 4.
-30
110011 (base 2) to base 10
51
What is 4 (base 10) in base 7?
4
-52 (base 6) to base 15
-22
Convert -15 (base 10) to base 5.
-30
Convert 20 (base 10) to base 11.
19
90 (base 11) to base 15
69
-13 (base 5) to base 8
-10
3 (base 4) to base 16
3
What is 10 (base 3) in base 4?
3
-1 (base 16) to base 2
-1
What is 152 (base 10) in base 2?
10011000
What is -87 (base 9) in base 12?
-67
3 (base 9) to base 6
3
Convert 0 (base 11) to base 14.
0
What is 37 (base 11) in base 10?
40
What is 7 (base 16) in base 6?
11
-3 (base 4) to base 6
-3
22 (base 16) to base 12
2a
What is 132 (base 4) in base 6?
50
What is 0 (base 15) in base 14?
0
-1031 (base 4) to base 11
-70
-1 (base 3) to base 10
-1
What is -1d (base 16) in base 7?
-41
What is 0 (base 12) in base 14?
0
What is -e (base 16) in base 8?
-16
What is 1 (base 10) in base 13?
1
Convert -4 (base 12) to base 5.
-4
Convert b (base 13) to base 7.
14
Convert -1001 (base 2) to base 10.
-9
59 (base 10) to base 15
3e
100111 (base 2) to base 4
213
11 (base 2) to base 7
3
What is 1 (base 2) in base 9?
1
Convert 84 (base 13) to base 6.
300
Convert 27 (base 14) to base 16.
23
Convert -2 (base 12) to base 16.
-2
What is 17 (base 13) in base 14?
16
Convert 6 (base 12) to base 4.
12
What is 1311 (base 4) in base 6?
313
Convert 15 (base 11) to base 13.
13
32 (base 7) to base 11
21
Convert -10 (base 12) to base 14.
-c
What is -42 (base 15) in base 8?
-76
Convert -30 (base 14) to base 2.
-101010
What is -510 (base 7) in base 2?
-11111100
What is -11 (base 4) in base 7?
-5
-60 (base 7) to base 9
-46
What is -8 (base 12) in base 8?
-10
What is -2021 (base 4) in base 2?
-10001001
What is -1 (base 6) in base 12?
-1
Convert 110 (base 3) to base 10.
12
Convert 1 (base 9) to base 2.
1
Convert -124 (base 5) to base 16.
-27
23 (base 6) to base 14
11
Convert -8 (base 10) to base 6.
-12
What is 10 (base 11) in base 15?
b
What is 22 (base 4) in base 11?
a
-3 (base 15) to base 9
-3
-26 (base 10) to base 3
-222
What is -21 (base 6) in base 4?
-31
-31 (base 7) to base 3
-211
Convert -100 (base 4) to base 8.
-20
-3 (base 7) to base 11
-3
-1 (base 8) to base 13
-1
Convert 1100 (base 2) to base 9.
13
21 (base 15) to base 13
25
Convert -310 (base 4) to base 2.
-110100
0 (base 4) to base 10
0
-31 (base 13) to base 4
-220
What is d6 (base 15) in base 7?
405
Convert 0 (base 14) to base 11.
0
-1 (base 14) to base 13
-1
-1 (base 15) to base 10
-1
What is 3 (base 4) in base 13?
3
Convert 0 (base 8) to base 14.
0
-50 (base 11) to base 12
-47
-5 (base 14) to base 16
-5
-11 (base 2) to base 3
-10
-28 (base 9) to base 7
-35
-66 (base 11) to base 12
-60
What is -110 (base 2) in base 12?
-6
What is 17 (base 10) in base 7?
23
Convert -c (base 16) to base 8.
-14
4 (base 12) to base 15
4
123 (base 4) to base 5
102
What is 252 (base 8) in base 5?
1140
Convert 3 (base 16) to base 14.
3
What is -e (base 15) in base 14?
-10
3 (base 13) to base 6
3
Convert -1 (base 10) to base 9.
-1
Convert -23 (base 9) to base 4.
-111
-aa (base 13) to base 10
-140
Convert 1 (base 12) to base 10.
1
What is -24 (base 12) in base 11?
-26
0 (base 8) to base 3
0
What is -1d (base 15) in base 10?
-28
-19 (base 10) to base 13
-16
1121 (base 3) to base 2
101011
-6 (base 16) to base 12
-6
Convert d (base 16) to base 14.
d
-1001000 (base 2) to base 5
-242
-12 (base 5) to base 3
-21
-114 (base 5) to base 10
-34
Convert -3 (base 16) to base 8.
-3
What is -2 (base 15) in base 12?
-2
What is 289 (base 10) in base 6?
1201
Convert -211 (base 3) to base 7.
-31
What is